{"id":3258,"date":"2025-08-01T15:08:45","date_gmt":"2025-08-01T13:08:45","guid":{"rendered":"https:\/\/www.daretodance.cz\/?page_id=3258"},"modified":"2026-01-16T17:11:32","modified_gmt":"2026-01-16T16:11:32","slug":"javier","status":"publish","type":"page","link":"https:\/\/www.daretodance.cz\/en\/home\/o-nas\/spolupracujeme\/javier\/","title":{"rendered":"Javier"},"content":{"rendered":"<div data-elementor-type=\"wp-page\" data-elementor-id=\"3258\" class=\"elementor elementor-3258\">\n\t\t\t\t<div class=\"elementor-element elementor-element-e6ef7d9 e-flex e-con-boxed e-con e-parent\" data-id=\"e6ef7d9\" data-element_type=\"container\" data-e-type=\"container\">\n\t\t\t\t\t<div class=\"e-con-inner\">\n\t\t<div class=\"elementor-element elementor-element-58a4a5c e-con-full e-flex e-con e-child\" data-id=\"58a4a5c\" data-element_type=\"container\" data-e-type=\"container\">\n\t\t\t\t<div class=\"elementor-element elementor-element-6628288 elementor-widget elementor-widget-heading\" data-id=\"6628288\" data-element_type=\"widget\" data-e-type=\"widget\" data-widget_type=\"heading.default\">\n\t\t\t\t<div class=\"elementor-widget-container\">\n\t\t\t\t\t<h2 class=\"elementor-heading-title elementor-size-default\">Javier Jes\u00fas Escobar Castillo<\/h2>\t\t\t\t<\/div>\n\t\t\t\t<\/div>\n\t\t\t\t<div class=\"elementor-element elementor-element-231ca92 elementor-widget elementor-widget-text-editor\" data-id=\"231ca92\" data-element_type=\"widget\" data-e-type=\"widget\" data-widget_type=\"text-editor.default\">\n\t\t\t\t<div class=\"elementor-widget-container\">\n\t\t\t\t\t\t\t\t\t<div><span style=\"font-family: arial, sans-serif;\"><strong>Artistic career<\/strong><br \/>Javier je v\u00e1\u0161niv\u00fdm milovn\u00edkem salsy, tane\u010dn\u00edkem, DJem a tane\u010dn\u00edm instruktorem poch\u00e1zej\u00edc\u00edm z Peru. Od roku 2012 rozv\u00edj\u00ed svou tane\u010dn\u00ed kari\u00e9ru a v\u00e1\u0161e\u0148 pro salsu pod veden\u00edm sv\u011btov\u011b uzn\u00e1van\u00fdch instruktor\u016f a hudebn\u00edk\u016f z r\u016fzn\u00fdch kout\u016f sv\u011bta, jako nap\u0159\u00edklad Yamulee z New Yorku a Mambo Diablo z Peru. Jeho oddanost k salsa kultu\u0159e je bezmezn\u00e1.<\/span><\/div><div><span style=\"font-family: arial, sans-serif;\"><br \/><strong>Professional experience<\/strong><br \/>Javier je vedouc\u00edm vlastn\u00ed tane\u010dn\u00ed \u0161koly \u201eSalsa Escuela\u201c v \u010cesk\u00fdch Bud\u011bjovic\u00edch. Jako tane\u010dn\u00ed instruktor, tane\u010dn\u00edk a DJ se z\u00fa\u010dastnil mnoha n\u00e1rodn\u00edch a mezin\u00e1rodn\u00edch akc\u00ed po cel\u00e9 Evrop\u011b. Neust\u00e1le organizuje tane\u010dn\u00ed akce v \u010cesk\u00e9 republice, zejm\u00e9na v regionu ji\u017en\u00edch \u010cech a Prahy.<\/span><\/div><div><span style=\"font-family: arial, sans-serif;\"><br \/><strong>Pedagogical activities <\/strong><\/span><\/div><div><span style=\"font-family: arial, sans-serif;\">Javier r\u00e1d sd\u00edl\u00ed ve\u0161ker\u00e9 sv\u00e9 znalosti salsy, kter\u00e9 b\u011bhem sv\u00e9ho \u017eivota z\u00edskal. Jeho v\u00e1\u0161e\u0148 pro sd\u00edlen\u00ed znalost\u00ed a zku\u0161enost\u00ed se prom\u00edt\u00e1 do jeho v\u00fduky, kterou obohacuje o techniku veden\u00ed, pr\u00e1ci s rukama, muzikalitu, techniku Salsy On2, z\u00e1klady Salsa Cale\u00f1a a Pachangu.<\/span><\/div><div><span style=\"font-family: arial, sans-serif;\"><br \/><strong>Artistic philosophy<\/strong><br \/>Pro Javiera je salsa nejen o fyzick\u00e9m pohybu, ale tak\u00e9 o sd\u00edlen\u00ed radosti a kultury s ostatn\u00edmi. Neust\u00e1le hled\u00e1 nov\u00e9 zp\u016fsoby, jak obohatit sv\u00e9 lekce a inspirovat sv\u00e9 studenty k hlub\u0161\u00edmu porozum\u011bn\u00ed a pro\u017eitku tance.<\/span><\/div><div><span style=\"font-family: arial, sans-serif;\"><br \/><strong>Organizational activities<\/strong><br \/>Javier aktivn\u011b organizuje tane\u010dn\u00ed ud\u00e1losti a festivaly, kter\u00e9 p\u0159in\u00e1\u0161ej\u00ed \u017eivou atmosf\u00e9ru a \u0161\u00ed\u0159\u00ed l\u00e1sku k salse mezi lidmi z r\u016fzn\u00fdch kultur.<\/span><\/div>\t\t\t\t\t\t\t\t<\/div>\n\t\t\t\t<\/div>\n\t\t\t\t<\/div>\n\t\t<div class=\"elementor-element elementor-element-2d820b2 e-con-full e-flex e-con e-child\" data-id=\"2d820b2\" data-element_type=\"container\" data-e-type=\"container\">\n\t\t\t\t<div class=\"elementor-element elementor-element-15b4764 elementor-arrows-position-inside elementor-pagination-position-outside elementor-widget elementor-widget-image-carousel\" data-id=\"15b4764\" data-element_type=\"widget\" data-e-type=\"widget\" data-settings=\"{&quot;slides_to_show&quot;:&quot;1&quot;,&quot;navigation&quot;:&quot;both&quot;,&quot;autoplay&quot;:&quot;yes&quot;,&quot;pause_on_hover&quot;:&quot;yes&quot;,&quot;pause_on_interaction&quot;:&quot;yes&quot;,&quot;autoplay_speed&quot;:5000,&quot;infinite&quot;:&quot;yes&quot;,&quot;effect&quot;:&quot;slide&quot;,&quot;speed&quot;:500}\" data-widget_type=\"image-carousel.default\">\n\t\t\t\t<div class=\"elementor-widget-container\">\n\t\t\t\t\t\t\t<div class=\"elementor-image-carousel-wrapper swiper\" role=\"region\" aria-roledescription=\"carousel\" aria-label=\"Obr\u00e1zkov\u00fd koloto\u010d\" dir=\"ltr\">\n\t\t\t<div class=\"elementor-image-carousel swiper-wrapper swiper-image-stretch\" aria-live=\"off\">\n\t\t\t\t\t\t\t\t<div class=\"swiper-slide\" role=\"group\" aria-roledescription=\"slide\" aria-label=\"1 z 1\"><figure class=\"swiper-slide-inner\"><img decoding=\"async\" class=\"swiper-slide-image\" src=\"https:\/\/www.daretodance.cz\/wp-content\/uploads\/2025\/08\/Javier-profile-724x1024.jpg\" alt=\"Javier-profile\" \/><\/figure><\/div>\t\t\t<\/div>\n\t\t\t\t\t<\/div>\n\t\t\t\t\t\t<\/div>\n\t\t\t\t<\/div>\n\t\t\t\t<\/div>\n\t\t\t\t\t<\/div>\n\t\t\t\t<\/div>\n\t\t\t\t<\/div>","protected":false},"excerpt":{"rendered":"<p>Javier Jes\u00fas Escobar Castillo Um\u011bleck\u00e1 dr\u00e1haJavier je v\u00e1\u0161niv\u00fdm milovn\u00edkem salsy, tane\u010dn\u00edkem, DJem a tane\u010dn\u00edm instruktorem poch\u00e1zej\u00edc\u00edm z Peru. Od roku 2012 rozv\u00edj\u00ed svou tane\u010dn\u00ed kari\u00e9ru a v\u00e1\u0161e\u0148 pro salsu pod veden\u00edm sv\u011btov\u011b uzn\u00e1van\u00fdch instruktor\u016f a hudebn\u00edk\u016f z r\u016fzn\u00fdch kout\u016f sv\u011bta, jako nap\u0159\u00edklad Yamulee z New Yorku a Mambo Diablo z Peru. Jeho oddanost k salsa&#8230;<\/p>","protected":false},"author":1,"featured_media":0,"parent":4233,"menu_order":0,"comment_status":"closed","ping_status":"closed","template":"","meta":{"_kadence_starter_templates_imported_post":false,"_kad_post_transparent":"","_kad_post_title":"hide","_kad_post_layout":"fullwidth","_kad_post_sidebar_id":"","_kad_post_content_style":"unboxed","_kad_post_vertical_padding":"hide","_kad_post_feature":"hide","_kad_post_feature_position":"","_kad_post_header":false,"_kad_post_footer":false,"footnotes":""},"class_list":["post-3258","page","type-page","status-publish","hentry"],"_links":{"self":[{"href":"https:\/\/www.daretodance.cz\/en\/wp-json\/wp\/v2\/pages\/3258","targetHints":{"allow":["GET"]}}],"collection":[{"href":"https:\/\/www.daretodance.cz\/en\/wp-json\/wp\/v2\/pages"}],"about":[{"href":"https:\/\/www.daretodance.cz\/en\/wp-json\/wp\/v2\/types\/page"}],"author":[{"embeddable":true,"href":"https:\/\/www.daretodance.cz\/en\/wp-json\/wp\/v2\/users\/1"}],"replies":[{"embeddable":true,"href":"https:\/\/www.daretodance.cz\/en\/wp-json\/wp\/v2\/comments?post=3258"}],"version-history":[{"count":4,"href":"https:\/\/www.daretodance.cz\/en\/wp-json\/wp\/v2\/pages\/3258\/revisions"}],"predecessor-version":[{"id":3262,"href":"https:\/\/www.daretodance.cz\/en\/wp-json\/wp\/v2\/pages\/3258\/revisions\/3262"}],"up":[{"embeddable":true,"href":"https:\/\/www.daretodance.cz\/en\/wp-json\/wp\/v2\/pages\/4233"}],"wp:attachment":[{"href":"https:\/\/www.daretodance.cz\/en\/wp-json\/wp\/v2\/media?parent=3258"}],"curies":[{"name":"wp","href":"https:\/\/api.w.org\/{rel}","templated":true}]}}

<div data-elementor-type="wp-page" data-elementor-id="3258" class="elementor elementor-3258">
				<div class="elementor-element elementor-element-e6ef7d9 e-flex e-con-boxed e-con e-parent" data-id="e6ef7d9" data-element_type="container" data-e-type="container">
					<div class="e-con-inner">
		<div class="elementor-element elementor-element-58a4a5c e-con-full e-flex e-con e-child" data-id="58a4a5c" data-element_type="container" data-e-type="container">
				<div class="elementor-element elementor-element-6628288 elementor-widget elementor-widget-heading" data-id="6628288" data-element_type="widget" data-e-type="widget" data-widget_type="heading.default">
				<div class="elementor-widget-container">
					<h2 class="elementor-heading-title elementor-size-default">Javier Jesús Escobar Castillo</h2>				</div>
				</div>
				<div class="elementor-element elementor-element-231ca92 elementor-widget elementor-widget-text-editor" data-id="231ca92" data-element_type="widget" data-e-type="widget" data-widget_type="text-editor.default">
				<div class="elementor-widget-container">
									<div><span style="font-family: arial, sans-serif;"><strong>Artistic career</strong><br />Javier je vášnivým milovníkem salsy, tanečníkem, DJem a tanečním instruktorem pocházejícím z Peru. Od roku 2012 rozvíjí svou taneční kariéru a vášeň pro salsu pod vedením světově uznávaných instruktorů a hudebníků z různých koutů světa, jako například Yamulee z New Yorku a Mambo Diablo z Peru. Jeho oddanost k salsa kultuře je bezmezná.</span></div><div><span style="font-family: arial, sans-serif;"><br /><strong>Professional experience</strong><br />Javier je vedoucím vlastní taneční školy „Salsa Escuela“ v Českých Budějovicích. Jako taneční instruktor, tanečník a DJ se zúčastnil mnoha národních a mezinárodních akcí po celé Evropě. Neustále organizuje taneční akce v České republice, zejména v regionu jižních Čech a Prahy.</span></div><div><span style="font-family: arial, sans-serif;"><br /><strong>Pedagogical activities </strong></span></div><div><span style="font-family: arial, sans-serif;">Javier rád sdílí veškeré své znalosti salsy, které během svého života získal. Jeho vášeň pro sdílení znalostí a zkušeností se promítá do jeho výuky, kterou obohacuje o techniku vedení, práci s rukama, muzikalitu, techniku Salsy On2, základy Salsa Caleña a Pachangu.</span></div><div><span style="font-family: arial, sans-serif;"><br /><strong>Artistic philosophy</strong><br />Pro Javiera je salsa nejen o fyzickém pohybu, ale také o sdílení radosti a kultury s ostatními. Neustále hledá nové způsoby, jak obohatit své lekce a inspirovat své studenty k hlubšímu porozumění a prožitku tance.</span></div><div><span style="font-family: arial, sans-serif;"><br /><strong>Organizational activities</strong><br />Javier aktivně organizuje taneční události a festivaly, které přinášejí živou atmosféru a šíří lásku k salse mezi lidmi z různých kultur.</span></div>								</div>
				</div>
				</div>
		<div class="elementor-element elementor-element-2d820b2 e-con-full e-flex e-con e-child" data-id="2d820b2" data-element_type="container" data-e-type="container">
				<div class="elementor-element elementor-element-15b4764 elementor-arrows-position-inside elementor-pagination-position-outside elementor-widget elementor-widget-image-carousel" data-id="15b4764" data-element_type="widget" data-e-type="widget" data-settings="{&quot;slides_to_show&quot;:&quot;1&quot;,&quot;navigation&quot;:&quot;both&quot;,&quot;autoplay&quot;:&quot;yes&quot;,&quot;pause_on_hover&quot;:&quot;yes&quot;,&quot;pause_on_interaction&quot;:&quot;yes&quot;,&quot;autoplay_speed&quot;:5000,&quot;infinite&quot;:&quot;yes&quot;,&quot;effect&quot;:&quot;slide&quot;,&quot;speed&quot;:500}" data-widget_type="image-carousel.default">
				<div class="elementor-widget-container">
							<div class="elementor-image-carousel-wrapper swiper" role="region" aria-roledescription="carousel" aria-label="Obrázkový kolotoč" dir="ltr">
			<div class="elementor-image-carousel swiper-wrapper swiper-image-stretch" aria-live="off">
								<div class="swiper-slide" role="group" aria-roledescription="slide" aria-label="1 z 1"><figure class="swiper-slide-inner"><img decoding="async" class="swiper-slide-image" src="https://www.daretodance.cz/wp-content/uploads/2025/08/Javier-profile-724x1024.jpg" alt="Javier-profile" /></figure></div>			</div>
					</div>
						</div>
				</div>
				</div>
					</div>
				</div>
				</div>

<p>Javier Jesús Escobar Castillo Umělecká dráhaJavier je vášnivým milovníkem salsy, tanečníkem, DJem a tanečním instruktorem pocházejícím z Peru. Od roku 2012 rozvíjí svou taneční kariéru a vášeň pro salsu pod vedením světově uznávaných instruktorů a hudebníků z různých koutů světa, jako například Yamulee z New Yorku a Mambo Diablo z Peru. Jeho oddanost k salsa&#8230;</p>
